 13711
List the prime factors of 3106258.
2, 1553129
What are the prime factors of 71661?
3, 23887
What are the prime factors of 1171434?
2, 3, 11, 17749
What are the prime factors of 3146501?
3146501
List the prime factors of 69241.
17, 4073
What are the prime factors of 12068516?
2, 3017129
What are the prime factors of 7560?
2, 3, 5, 7
What are the prime factors of 1662291?
3, 19, 9721
What are the prime factors of 88782?
2, 3, 14797
List the prime factors of 257528.
2, 32191
List the prime factors of 2261898.
2, 3, 41887
List the prime factors of 24259290.
2, 3, 5, 11, 41, 163
What are the prime factors of 780766?
2, 7, 31, 257
What are the prime factors of 21377375?
5, 19, 9001
List the prime factors of 20605092.
2, 3, 251, 6841
What are the prime factors of 1996079?
1117, 1787
What are the prime factors of 10909538?
2, 191, 28559
List the prime factors of 3000397.
31, 96787
List the prime factors of 216000.
2, 3, 5
What are the prime factors of 7953874?
2, 337, 11801
What are the prime factors of 2085891?
3, 695297
List the prime factors of 3570474.
2, 3, 23, 25873
List the prime factors of 174865.
5, 41, 853
What are the prime factors of 24149682?
2, 3, 31, 113, 383
List the prime factors of 7024036.
2, 1756009
What are the prime factors of 66999?
3, 23, 971
What are the prime factors of 2048255?
5, 11, 167, 223
What are the prime factors of 234151?
41, 5711
List the prime factors of 610865.
5, 122173
List the prime factors of 4947706.
2, 71, 34843
List the prime factors of 253739.
89, 2851
What are the prime factors of 2946728?
2, 337, 1093
What are the prime factors of 1177615?
5, 235523
List the prime factors of 217785.
3, 5, 14519
What are the prime factors of 514491?
3, 317, 541
List the prime factors of 38115.
3, 5, 7, 11
What are the prime factors of 3149466?
2, 3, 353, 1487
List the prime factors of 8090015.
5, 1618003
List the prime factors of 31809119.
31809119
List the prime factors of 6947891.
101, 68791
List the prime factors of 688392.
2, 3, 3187
List the prime factors of 512650.
2, 5, 10253
What are the prime factors of 11664499?
7, 11, 17, 19, 67
List the prime factors of 26278589.
26278589
List the prime factors of 5818158.
2, 3, 43, 7517
What are the prime factors of 896424?
2, 3, 41, 911
List the prime factors of 10727127.
3, 397301
What are the prime factors of 550012?
2, 19, 7237
What are the prime factors of 556453?
19, 29287
What are the prime factors of 334055?
5, 71, 941
What are the prime factors of 7387373?
7, 29, 151, 241
What are the prime factors of 1376988?
2, 3, 114749
What are the prime factors of 18590?
2, 5, 11, 13
What are the prime factors of 179841?
3, 151, 397
List the prime factors of 2138018.
2, 251, 4259
List the prime factors of 523612.
2, 79, 1657
List the prime factors of 265194.
2, 3, 1637
What are the prime factors of 445942?
2, 7, 53, 601
What are the prime factors of 2342525?
5, 93701
List the prime factors of 250328.
2, 13, 29, 83
List the prime factors of 3873993.
3, 229, 5639
What are the prime factors of 516687?
3, 157, 1097
List the prime factors of 1591934.
2, 19, 41893
List the prime factors of 561556.
2, 29, 47, 103
What are the prime factors of 5682087?
3, 269, 2347
List the prime factors of 118616.
2, 14827
List the prime factors of 1292447.
13, 37, 2687
List the prime factors of 9795492.
2, 3, 7, 617
List the prime factors of 683566.
2, 13, 61, 431
List the prime factors of 5038847.
11, 83, 5519
What are the prime factors of 239368?
2, 29921
List the prime factors of 2271909.
3, 229, 3307
List the prime factors of 12048617.
7, 127, 13553
List the prime factors of 4471479.
3, 19, 79, 331
List the prime factors of 8102183.
17, 476599
What are the prime factors of 1681415?
5, 23, 14621
What are the prime factors of 15352?
2, 19, 101
List the prime factors of 4047593.
11, 47, 7829
What are the prime factors of 9782380?
2, 5, 71, 83
List the prime factors of 55642.
2, 43, 647
List the prime factors of 516673.
516673
List the prime factors of 1868477.
13, 143729
List the prime factors of 1808940.
2, 3, 5, 7, 59, 73
What are the prime factors of 1506296?
2, 11, 17117
What are the prime factors of 5612668?
2, 1403167
What are the prime factors of 304927?
7, 127
What are the prime factors of 4076159?
31, 131489
What are the prime factors of 262936?
2, 23, 1429
What are the prime factors of 1358038?
2, 11, 61729
List the prime factors of 25632.
2, 3, 89
List the prime factors of 5250246.
2, 3, 17, 51473
What are the prime factors of 12905661?
3, 1601, 2687
What are the prime factors of 17255816?
2, 17, 181, 701
List the prime factors of 3850163.
59, 65257
What are the prime factors of 1903800?
2, 3, 5, 19, 167
What are the prime factors of 5446016?
2, 157, 271
What are the prime factors of 517087?
517087
List the prime factors of 321017.
321017
What are the prime factors of 1006745?
5, 227, 887
List the prime factors of 115670.
2, 5, 43, 269
What are the prime factors of 319467?
3, 83, 1283
List the prime factors of 854753.
19, 44987
List the prime factors of 5808402.
2, 3, 107563
List the prime factors of 1685973.
3, 29, 19379
What are the prime factors of 9170219?
53, 173023
What are the prime factors of 218363?
218363
List the prime factors of 830171.
569, 1459
What are the prime factors of 1888402?
2, 89, 103
List the prime factors of 1880082.
2, 3, 149, 701
List the prime factors of 760293.
3, 29, 971
List the prime factors of 494003.
17, 29059
List the prime factors of 54683.
149, 367
List the prime factors of 627088.
2, 7, 11, 509
List the prime factors of 1288721.
7, 71, 2593
What are the prime factors of 32844231?
3, 7, 173779
List the prime factors of 455880.
2, 3, 5, 29, 131
What are the prime factors of 667422?
2, 3, 7, 5297
What are the prime factors of 10201328?
2, 19, 23, 1459
List the prime factors of 2140182.
2, 3, 11, 1201
List the prime factors of 6371585.
5, 11, 31, 37, 101
List the prime factors of 12687095.
5, 2537419
What are the prime factors of 7165597?
7165597
What are the prime factors of 29256052?
2, 7, 1044859
List the prime factors of 2822974.
2, 7, 11, 23, 797
What are the prime factors of 16047561?
3, 5349187
List the prime factors of 1148008.
2, 143501
List the prime factors of 1170332.
2, 23, 12721
What are the prime factors of 586418?
2, 7, 41887
List the prime factors of 4424078.
2, 2212039
What are the prime factors of 58493?
29, 2017
What are the prime factors of 1386618?
2, 3, 59, 3917
List the prime factors of 6794734.
2, 443, 7669
List the prime factors of 1033368.
2, 3, 7, 6151
What are the prime factors of 4798302?
2, 3, 53, 79, 191
What are the prime factors of 15309032?
2, 43, 191, 233
List the prime factors of 881659.
23, 38333
What are the prime factors of 6639614?
2, 3319807
List the prime factors of 7254114.
2, 3, 7, 172717
List the prime factors of 522055.
5, 263, 397
What are the prime factors of 160923?
3, 7, 79, 97
List the prime factors of 554086.
2, 13, 101, 211
List the prime factors of 386267.
7, 7883
What are the prime factors of 168362?
2, 84181
List the prime factors of 5121025.
5, 7, 13, 2251
What are the prime factors of 178376?
2, 11, 2027
What are the prime factors of 289094?
2, 13, 11119
List the prime factors of 129347.
129347
What are the prime factors of 103091?
103091
What are the prime factors of 1583920?
2, 5, 13, 1523
List the prime factors of 824406.
2, 3, 11, 12491
What are the prime factors of 2755694?
2, 1377847
List the prime factors of 630424.
2, 78803
List the prime factors of 4842613.
1979, 2447
What are the prime factors of 1784369?
601, 2969
What are the prime factors of 5661378?
2, 3, 409, 769
What are the prime factors of 932875?
5, 17, 439
List the prime factors of 15449205.
3, 5, 83, 12409
List the prime factors of 650695.
5, 181, 719
List the prime factors of 26622.
2, 3, 17, 29
List the prime factors of 992341.
7, 17, 31, 269
What are the prime factors of 696883?
11, 63353
What are the prime factors of 601079?
601079
What are the prime factors of 670613?
670613
What are the prime factors of 14717424?
2, 3, 23, 13331
What are the prime factors of 1783408?
2, 11, 10133
What are the prime factors of 15744145?
5, 3148829
What are the prime factors of 2868652?
2, 23, 31181
What are the prime factors o